{"id":1549,"date":"2012-05-21T21:09:24","date_gmt":"2012-05-21T20:09:24","guid":{"rendered":"http:\/\/sendungtonspur.wordpress.com\/?page_id=1296"},"modified":"2022-12-09T02:39:07","modified_gmt":"2022-12-09T00:39:07","slug":"anders-gehort-spezial","status":"publish","type":"page","link":"https:\/\/tonspur.mur.at\/?page_id=1549","title":{"rendered":"geh\u00f6rt\/spezial"},"content":{"rendered":"<h2>Robert Misik (Journalist)<\/h2>\n<p>Er war Chef Redakteur beim Format und Redakteur bei der Arbeiterzeitung, schreibt f\u00fcr die TAZ und den Standard und hat dort auch einen eigenen Video Blog &#8211; FS Misik. Sendung Tonspur traf Herrn Misik vergangene Woche in Wien zu einem Gespr\u00e4ch \u00fcber die Studentenproteste und die Lage in \u00d6sterreich -&gt; politisch gesehen. Aufgepasst und h\u00f6ren.<\/p>\n<!--[if lt IE 9]><script>document.createElement('audio');<\/script><![endif]-->\n<audio class=\"wp-audio-shortcode\" id=\"audio-1549-1\" preload=\"none\" style=\"width: 100%;\" controls=\"controls\"><source type=\"audio\/mpeg\" src=\"https:\/\/tonspur.mur.at\/wp-content\/uploads\/2013\/04\/robertmisik.mp3?_=1\" \/><a href=\"https:\/\/tonspur.mur.at\/wp-content\/uploads\/2013\/04\/robertmisik.mp3\">https:\/\/tonspur.mur.at\/wp-content\/uploads\/2013\/04\/robertmisik.mp3<\/a><\/audio>\n<p>Link zu Robert Misik:<\/p>\n<p><a href=\"http:\/\/www.misik.at\/\" target=\"_blank\" rel=\"noopener\">http:\/\/www.misik.at\/<\/a><\/p>\n<p class=\"wp-flattr-button\"><\/p>","protected":false},"excerpt":{"rendered":"<p>Robert Misik (Journalist) Er war Chef Redakteur beim Format und Redakteur bei der Arbeiterzeitung, schreibt f\u00fcr die TAZ und den Standard und hat dort auch einen eigenen Video Blog &#8211; FS Misik. Sendung Tonspur traf Herrn Misik vergangene Woche in&#8230;<\/p>\n","protected":false},"author":1,"featured_media":0,"parent":0,"menu_order":0,"comment_status":"open","ping_status":"open","template":"","meta":{"footnotes":""},"_links":{"self":[{"href":"https:\/\/tonspur.mur.at\/index.php?rest_route=\/wp\/v2\/pages\/1549"}],"collection":[{"href":"https:\/\/tonspur.mur.at\/index.php?rest_route=\/wp\/v2\/pages"}],"about":[{"href":"https:\/\/tonspur.mur.at\/index.php?rest_route=\/wp\/v2\/types\/page"}],"author":[{"embeddable":true,"href":"https:\/\/tonspur.mur.at\/index.php?rest_route=\/wp\/v2\/users\/1"}],"replies":[{"embeddable":true,"href":"https:\/\/tonspur.mur.at\/index.php?rest_route=%2Fwp%2Fv2%2Fcomments&post=1549"}],"version-history":[{"count":4,"href":"https:\/\/tonspur.mur.at\/index.php?rest_route=\/wp\/v2\/pages\/1549\/revisions"}],"predecessor-version":[{"id":4476,"href":"https:\/\/tonspur.mur.at\/index.php?rest_route=\/wp\/v2\/pages\/1549\/revisions\/4476"}],"wp:attachment":[{"href":"https:\/\/tonspur.mur.at\/index.php?rest_route=%2Fwp%2Fv2%2Fmedia&parent=1549"}],"curies":[{"name":"wp","href":"https:\/\/api.w.org\/{rel}","templated":true}]}}

gehört/spezial

<h2>Robert Misik (Journalist)</h2>
<p>Er war Chef Redakteur beim Format und Redakteur bei der Arbeiterzeitung, schreibt für die TAZ und den Standard und hat dort auch einen eigenen Video Blog &#8211; FS Misik. Sendung Tonspur traf Herrn Misik vergangene Woche in Wien zu einem Gespräch über die Studentenproteste und die Lage in Österreich -&gt; politisch gesehen. Aufgepasst und hören.</p>
<!--[if lt IE 9]><script>document.createElement('audio');</script><![endif]-->
<audio class="wp-audio-shortcode" id="audio-1549-1" preload="none" style="width: 100%;" controls="controls"><source type="audio/mpeg" src="https://tonspur.mur.at/wp-content/uploads/2013/04/robertmisik.mp3?_=1" /><a href="https://tonspur.mur.at/wp-content/uploads/2013/04/robertmisik.mp3">https://tonspur.mur.at/wp-content/uploads/2013/04/robertmisik.mp3</a></audio>
<p>Link zu Robert Misik:</p>
<p><a href="http://www.misik.at/" target="_blank" rel="noopener">http://www.misik.at/</a></p>
<p class="wp-flattr-button"></p>

<p>Robert Misik (Journalist) Er war Chef Redakteur beim Format und Redakteur bei der Arbeiterzeitung, schreibt für die TAZ und den Standard und hat dort auch einen eigenen Video Blog &#8211; FS Misik. Sendung Tonspur traf Herrn Misik vergangene Woche in&#8230;</p>
